3356 - -3349. Let l(n) = -n**2 - 20*n - 86. What is l(z)?
5
Let m(o) = 14*o**3 - 27*o**2 + 120*o - 116. Let h(a) = -5*a**3 + 9*a**2 - 42*a + 39. Let y(p) = -17*h(p) - 6*m(p). Give y(-10).
-7
Let s be (20/8 + 0)*(-2 + -6 + 6). Let p(w) = -w**3 - 6*w**2 - 9*w - 21. Determine p(s).
-1
Let r(f) = -22*f**2 - 32*f - 8. Let a(v) = 59*v**2 + 87*v + 22. Let x(q) = 3*a(q) + 8*r(q). Let n be (14/6)/(2/(-12)). Let i = 8 + n. What is x(i)?
8
Let g(a) be the third derivative of -a**5/60 + 7*a**4/24 - 2*a**3/3 - 6*a**2 + 1302*a. Let k(n) = n**3 + 3*n**2 - 3*n - 3. Let y be k(-3). What is g(y)?
2
Let v(k) = 532 + 543 + 2*k + 547 - 2106 + 517. What is v(-14)?
5
Let q(b) = 10*b - 16. Let m be 2/((-10)/90 + 5/(-9)). Calculate q(m).
-46
Suppose 32*j + 2705 = 37*j. Let g(s) = -275*s + 6 - 2 - 265*s + j*s. What is g(-10)?
-6
Let j be (-24)/(-10)*170/102. Let q(o) = -o**3 + 6*o**2 - 6*o - 5. Determine q(j).
3
Let n = -214 - -212. Let o(b) = 10*b + 4. Let m(v) = v**2 - 54*v - 20. Let q(j) = n*m(j) - 11*o(j). Give q(-2).
-8
Suppose 13*f - 114 = -6*f. Let g(d) = -18 + 0 + 0 + 6 - 4*d + f. What is g(6)?
-30
Let r(c) = -2*c**2 + 12*c - 45. Let o(w) = w**2 - w + 11. Let g(z) = 3*o(z) + r(z). Let v = -36 + 26. What is g(v)?
-2
Suppose -5*c - 5*k + 10 + 25 = 0, 5*c - 29 = -2*k. Let q(g) = g**2 + 43 - 87 + 43. Let o(j) = -4*j**2 - j - 1. Let v(w) = o(w) + 5*q(w). Determine v(c).
14
Let h(n) = -n**3 + 3*n**2 + 14*n - 14. Let z be h(5). Let j(c) = 9*c - 59. Let v be j(z). Let a(p) = 2*p**2 + 6*p - 7. Determine a(v).
13
Let x(d) = -4*d**3 - 9*d**3 + 13*d**3 - 7*d**3 + 9*d**3 + 2*d + 1. Give x(-3).
-59
Suppose 93*w - 95*w - 7 = i, 5*w = 4*i - 24. Let q(o) = 3*o + 20. Determine q(w).
8
Let u(v) = -v. Let b be 6/(-45)*6*-5. Suppose 0 = -4*z - b. Let y(d) = d**2 + 8*d - 11. Let o(j) = z*u(j) - y(j). Calculate o(-8).
3
Let n be (-56)/(-8) + -69 + 67. Let s(p) = -4*p + 5. Let w(b) = b. Let d(k) = s(k) + 2*w(k). Calculate d(n).
-5
Let a(g) be the second derivative of -g**5/20 + g**4/2 + 2*g**3/3 + 12*g**2 + 1608*g. Give a(7).
3
Let f(z) = -6*z + 114. Let j be f(19). Let t(k) = j*k - k - k + 6 - k. What is t(5)?
-9
Let z(c) = -c**2 + 16*c - 11. Suppose 4*o + 4*h - 24 = 0, h + 3*h - 22 = -3*o. Suppose 0 = -5*u + o*j - 4*j + 88, 5*u - 3*j = 68. What is z(u)?
-11
Let u(a) = a + 19. Let i be u(-13). Let q(p) = -3 + 17*p - 11*p + i. Let s(v) = 2*v**3 + 44*v**2 + 81*v + 23. Let m be s(-20). Determine q(m).
21
Let d = 68 + -60. Suppose -s + 14 = s - 5*v, 0 = s + 5*v + d. Let n(b) = 3*b**s + 1 + 1 + b**3 + 2*b**2. Determine n(-5).
2
Let a(u) = 2*u**2 - 9*u + 5. Let y(x) be the first derivative of -x**3/3 + 2*x**2 - 2*x + 4. Let m(r) = -6*a(r) - 13*y(r). What is m(-3)?
-1
Let x(s) = -7 - 3 - 17*s + 33*s - 17*s. Let j be 7 + 6 + -2 + -13 - 13. Determine x(j).
5
Let d = -27 + 29. Suppose 4*z - 3*u = z + 6, 0 = -d*u. Let v(y) = -12*y**3 + 0*y**2 - 2*y**3 + 15*y**3 + y**z - 2. What is v(-2)?
-6
Suppose -4*w - 4*j + 24 = 0, -4*w - 4*j + 21 = -w. Let y be -2 + 3/w - 13/1. Let q be (2/y)/(1/(-7)). Let d(x) = -9*x**3 + 2*x**2 - 2*x + 1. Calculate d(q).
-8
Let a(h) = -3*h - 16. Let m(c) = -2*c**3 - 19*c**2 - 22*c + 14. Let z be m(-8). Let f(t) = 3. Let x(k) = z*a(k) - 10*f(k). What is x(-2)?
-10
Let i(d) = d**2 + 7*d + 4. Suppose -22*v + 820 = 248. Suppose -16 - v = 6*a. What is i(a)?
4
Let g(k) = -k - 2*k + 2*k + 1. Let i(n) be the third derivative of -7*n**4/24 + 13*n**3/6 - 35*n**2 + 1. Let w(d) = 6*g(d) - i(d). Calculate w(5).
-2
Let i(g) = -g**3 + 13*g**2 - 25*g + 12. Let y = -470 + 481. Calculate i(y).
-21
Let i(g) = -3*g + 1. Let x(b) = b. Let d(q) = -i(q) + 6*x(q). Let k(w) = 2*w**3 - 88*w**2 - 181*w - 140. Let c be k(46). What is d(c)?
-19
Let q(i) = 13*i + 51. Let k be q(-7). Let g be 22/5 - (-16)/k. Let b(v) = 4*v**2 - 3 + 0*v**2 - 3*v**2. Determine b(g).
13
Let p(y) = -2*y**3 + 31*y**2 - 12*y - 16. Let r(d) = -9*d**3 - 10*d - 8 + 12*d**3 - 4*d**3 - 7*d + 11*d + 17*d**2. Let c(h) = -3*p(h) + 5*r(h). What is c(7)?
1
Suppose m = -m + 6. Let v(h) = m - 2 - 2*h**2 + 5*h + 2*h**2 - h**2. Suppose 2*k + 2*j - 5 + 1 = 0, 5*j + 10 = 0. Determine v(k).
5
Let p(o) = 2*o**2 - 2*o - 1. Let r be p(2). Let s(i) be the third derivative of -i**5/30 + i**4/6 - i**3/3 + 660*i**2 - 2*i. Determine s(r).
-8
Let z(s) = 6*s**3 + s. Let y(b) = 472 + b**2 - 5*b**2 + b**3 - 421 + 0*b**3 + 0*b**3 - 15*b. Let v be y(5). What is z(v)?
7
Let f(m) = -37*m**3 - m**2 - m + 1. Let y(v) = v**2 + 33*v + 63. Let o be y(-31). Calculate f(o).
-38
Let h = 107 - 91. Suppose -11*f + h*f = 30. Suppose -f*n - 3*n + 36 = 0. Let v(r) = -r**3 + 5*r**2 - 4*r + 6. Determine v(n).
6
Let o(h) = h**3 - 53*h**2 - 227*h + 3305. Let d be o(56). Let y(t) = t - 1. Let p(x) = 22*x - 2. Let i(m) = p(m) - y(m). Give i(d).
20
Let q = 3661 + -3652. Let v(j) = -4*j + 2. Let l(w) = -3*w + 1. Let u(t) = -5*l(t) + 4*v(t). Give u(q).
-6
Let z(y) be the second derivative of y**6/360 - y**5/10 - y**4/6 + 7*y**3/2 - 3*y - 6. Let f(c) be the third derivative of z(c). What is f(10)?
8
Let a(f) be the second derivative of -f**4/12 + 13*f**3/6 - 4*f**2 - 61*f. Let n(o) = o**2 - 15*o + 8. Let k(t) = -3*a(t) - 2*n(t). Determine k(8).
0
Let l(n) = -28*n - 2232. Let u be l(-80). Let m(r) = r**3 - 7*r**2 - 11*r + 8. Determine m(u).
-16
Let p = -1312 + 1310. Let j(g) = -2*g**3 + g**2 - 6*g - 5. Give j(p).
27
Let s(j) = 680*j**2 - 118 - 218*j**2 + 27 - 233*j**2 - 228*j**2 + 11*j. Give s(-16).
-11
Let n(l) = -155*l - 166. Let t be n(-1). Let w(o) = -6*o + 5. What is w(t)?
71
Let l(y) = y**2 + 8*y + 3. Let x = 4673 - 4678. Give l(x).
-12
Let x(w) = 3*w - 46. Let v be x(17). Let r be -12*((-39)/9 + v). Let p(u) = 4*u - u**3 - 7*u**2 + 12 + 0*u**2 + 5*u. What is p(r)?
4
Let p be (22/(-55))/(2/(-60)). Let t(c) = 46*c + 3 - 11 + 40*c - 9 - 85*c. Calculate t(p).
-5
Let t(u) = u**3 - 3*u**2 - u - 4. Suppose -616 = 12*i + 2*i - 616. What is t(i)?
-4
Let t(c) = -3*c**3 - 3*c**2 - 4*c + 9. Let f(n) = -n**2 + 63*n - 863. Let u be f(43). Give t(u).
75
Let k(a) = -a - 2. Let z be (-4)/(-14) - (-36)/(-126). Suppose -4*u - 5*q = -2*u - 97, z = -5*u - 2*q + 211. Suppose 39*o = u*o. Determine k(o).
-2
Let j(o) = -o**2 + 16*o - 64. Let k be j(8). Suppose k*q + 50 = -7*q + 5*f, f = -5*q - 22. Let h(w) = -w**3 - 4*w**2 + 5*w - 5. Give h(q).
-5
Let l(i) = 26*i**2 - 28*i - 14. Let f(c) = -59*c**2 + 64*c + 32. Let z(p) = -11*f(p) - 25*l(p). Let n = -11 + 8. Calculate z(n).
1
Let y(s) be the second derivative of s**5/20 + 7*s**4/12 - 7*s**3/6 - 5*s**2 + 8*s - 22. Let x be -2 + -7 + (2 - 1). Determine y(x).
-18
Let t(b) = -b**2 + 10*b - 6. Suppose -93*v + 92*v = -10. Let g be t(v). Let h(l) = l**3 + 8*l**2 + 7*l - 6. Calculate h(g).
24
Let d(s) = -2*s**3 + 5*s**2 - 44*s + 127. Let a be d(3). Let o(h) = h**2 + 11*h - 40. Give o(a).
2
Let r(p) = 2*p**3 - 26*p**2 + p - 15. Let h be r(13). Let q(j) = -4*j + 4. Give q(h).
12
Let d(i) = -i**2 + 6*i + 8. Let q be d(5). Let j(m) = -12*m - 5 - 4*m**2 + 5*m**2 - 9 + 2. Let s be j(q). Let l(z) = -3*z**2 + z - 1. Calculate l(s).
-3
Let j(m) be the first derivative of -24*m**2 - 2*m - 239. Give j(-1).
46
Let t(d) = 5*d - 31. Let z(o) = -48*o - 81 - 61 + 46 + 64*o. Let w(g) = 7*t(g) - 2*z(g). Give w(11).
8
Let i(l) be the third derivative of l**6/120 + 17*l**5/30 - 37*l**4/24 - 35*l**3/3 - 3541*l**2. Give i(-35).
0
Let v(d) = -21*d**3 + 78*d**2 + 9*d - 79. Let m(z) = 5*z**3 - 19*z**2 - 2*z + 19. Let n(p) = -25*m(p) - 6*v(p). Determine n(1).
3
Let q = 194 + -186. Suppose -5*i = -10*b + 13*b - q, -4 = -3*b - i. Let m(c) = 2 - 6*c**3 + 5*c**3 - 18*c**3 - 1. Give m(b).
-18
Let m(p) be the first derivative of 25*p**2/2 - 157*p + 5555. Give m(6).
-7
Let g(t) = -4*t**2 + 5*t + 5 + 0*t - t**3 + t**2. Let f be (-110)/5 - (109 + -127). Give g(f).
1
Let y(p) be the first derivative of p**3/2 - p**2/2 + 2*p - 3. Let x(w) be the first derivative of y(w). Let l be ((-21)/49)/((-5)/35). What is x(l)?
8
Let o(a) = 0*a**2 + 8*a**2 - 1 + 3 - 7*a - 9*a**2 + 0*a**2. Calculate o(-5).
12
Let z(i) = -62 - 16*i**2 + 52 + 10*i**2 + 50*i. Calculate z(8).
6
Let m = 10 + 3. Let v = m + -21. Let f(h) be the third derivative of h**6/120 + 2*h**5/15 - h**3/3 + h**2 + 91819. Calculate f(v).
-2
Let j(f) = 0*f + 2135629 + 3*f - 2135572. Determine j(-14).
15
Let w(q) = 3*q**3 + q**2 - 2*q - 